 v. List the prime factors of d/(-8)*(-2 + 6).
13
Let h(b) = 2*b**3 - 5*b**2 + 3*b + 3. List the prime factors of h(3).
3, 7
Let h = 5 - -12. Let m = -8 + h. Suppose m = 4*b - 47. List the prime factors of b.
2, 7
Suppose 5*d - 30 = -o, 3 = -d + 4*d. What are the prime factors of o?
5
Let p be (-28)/(-6) - 1/(-3). Suppose 3*a - 2*a + p*j = 39, 83 = 3*a - 2*j. What are the prime factors of a?
29
Let t be -58*((-6)/4 + 1). Let f be ((-12)/(-14))/((-4)/84). Let i = f + t. List the prime factors of i.
11
Let i = 23 - 12. List the prime factors of 3 - (0 - (-3 + i)).
11
Let o be 8*(3 + 3/(-2)). List the prime factors of o + (-3 + 2 - 2).
3
Let w = -26 - -37. What are the prime factors of w?
11
Suppose v - 2*t - 57 = -0*t, 0 = 5*v - 4*t - 303. List the prime factors of v.
3, 7
Suppose 4*u + 609 - 1773 = 3*i, -5*u = 2*i - 1432. Let a be u/11 - (-4)/(-22). Let x = -14 + a. What are the prime factors of x?
2, 3
Let r(o) = o**3 + 20*o**2 - 51*o + 34. What are the prime factors of r(-22)?
2, 47
Suppose 0 = 5*h - 7 - 3. Suppose 0*r = -2*b + h*r + 40, -2*b + 25 = 3*r. Suppose 3*d = -12, d - b = -2*i + 7. List the prime factors of i.
2, 7
Let o(q) = 2*q**2 - 3*q + 2. Let p be o(-4). Suppose -p = -5*v - 1. Let f(x) = -x**3 + 10*x**2 - 9*x + 6. What are the prime factors of f(v)?
2, 3
Let a(j) = 10*j. What are the prime factors of a(4)?
2, 5
What are the prime factors of 1422/27*(-6)/(-4)?
79
Suppose 0 + 8 = m. List the prime factors of m.
2
Suppose -12 = -2*c - 0*l + 4*l, -8 = 4*l. Let r be (c - 8)*(-5 + -1). Let h = r - 26. What are the prime factors of h?
2, 5
Let u be (0 - -6) + -10 + 7. Let c(o) = 2*o. List the prime factors of c(u).
2, 3
Let w = -4 + 1. Let n(y) = y**2 + 5*y + 3. Let r be n(w). Let g = 6 - r. What are the prime factors of g?
3
Let r = 11 - 8. Suppose r*w = -0*h + 5*h + 37, -5*w + 5*h = -65. List the prime factors of w.
2, 7
Suppose 0*c + 8 = -4*c. Let p(g) = -g**3 - g**2 - 2. Let r be p(c). Suppose -r*k = -2*b + 18, k - 5 = b - 2*b. What are the prime factors of b?
7
Let j = -74 - -160. List the prime factors of j.
2, 43
Let c = -5 + 13. List the prime factors of c.
2
Let z = 30 + -21. Suppose z*k - 140 = 5*k. List the prime factors of k.
5, 7
Suppose 5 = -y, -y + 0 + 1 = c. Let q = 15 - c. What are the prime factors of q?
3
Suppose 2*o + 0*o - 22 = 0. Suppose -5*f = -o - 29. What are the prime factors of f?
2
Suppose -6*o + 27 = -3*o - 2*i, 0 = 2*i. Let x(m) = m**3 - 8*m**2 - 6*m - 9. List the prime factors of x(o).
2, 3
Suppose -3*w = -2*j - 2, -5*w + j + 25 = 2*j. List the prime factors of (14/w - -2)*2.
11
Suppose -4*x - 2*s = -3*x - 212, -620 = -3*x + 2*s. Suppose 0 = 4*o + o - 15, 3*o - 21 = -2*g. What are the prime factors of (-2)/g + x/12?
17
Suppose 0 = 3*b + m - 208 + 9, -4*b - 4*m + 268 = 0. What are the prime factors of b?
2, 3, 11
Let v be 2/9 - 20/9. List the prime factors of 1/v + (-63)/(-18).
3
Let j(g) = 82*g - 10. List the prime factors of j(2).
2, 7, 11
Suppose 0 = -2*b - b + 126. List the prime factors of b.
2, 3, 7
Suppose -4 = 2*u - 0. Let b(g) = -g - 2. Let a be b(u). Suppose -3*h = -f - h + 15, f - h - 17 = a. List the prime factors of f.
19
Let u(o) = -13*o - 93. List the prime factors of u(-27).
2, 3, 43
Let s(b) = -4*b - 17. Let d be s(10). List the prime factors of 1/(1 + d/58).
2, 29
Let t be 1/(1 + -1 + -1). Let p = t - -1. Suppose -3*a + 3 + 9 = p. What are the prime factors of a?
2
Suppose 0 = 5*c - 9*c - 24. Let z(q) = -5*q - 1. Let u be z(-3). Let y = u + c. List the prime factors of y.
2
Let v be -2 - -3 - (-1 - 0). Let c(y) = -y**2 + 7*y + 8. Let q be c(8). Suppose -v*l + 4*m + 12 = q, 0 = l + 2*l - 4*m - 22. List the prime factors of l.
2, 5
Suppose 5*r + 40 = 3*t + 2*t, t - 23 = 4*r. What are the prime factors of t?
3
Suppose -4*l + 6 = -2. Suppose -l*m = 2*i - 36, -m - 19 - 19 = -3*i. List the prime factors of 1*1/2*i.
7
Let b(c) = c**3 - 11*c**2 - 2*c - 3. Let s be b(11). What are the prime factors of (-6)/(-8) + s/(-20)?
2
Suppose w - b + 0 = 1, 4*b + 12 = -4*w. Let j be -2*3/(-6) - w. Suppose 0 = j*v + 8, 2*r - 5*v - 70 = -3*r. List the prime factors of r.
2, 5
Let y(h) = h**2 + h + 2. Let b be y(0). Let s(u) = -4 + 1 + 4 - 5*u + 2*u**b. List the prime factors of s(4).
13
Let r(w) = w**3 + 13*w**2 + 10*w - 11. Let v be (-9 - -7) + (-10 - 0). What are the prime factors of r(v)?
13
Let l(m) = -m - 3. Let q = -1 - 6. List the prime factors of l(q).
2
Let j(k) be the second derivative of -k**5/4 + k**4/12 + k**3/6 - k**2 + 3*k. Let g be j(-2). What are the prime factors of (18/(-15))/((-6)/g)?
2
Let a = -158 - -161. What are the prime factors of a?
3
Let u(a) = 3*a**2 + 2*a - 4*a**2 + 9*a**2 - 1. Let m be 2/9 + (-21)/(-27). List the prime factors of u(m).
3
What are the prime factors of -12*(-1)/((-4)/(-6))?
2, 3
Let h be -5 + 7 + (-24)/(-2). Let u = 4 + h. What are the prime factors of u?
2, 3
Let x(b) = -4*b - 24. Let i(u) = -5*u**2 - 3*u - 3. Let m be i(-2). List the prime factors of x(m).
2, 11
Suppose f = 4*f + 5*t - 380, 3*t = -2*f + 254. List the prime factors of f.
2, 5, 13
Let q(m) = 12*m - 2. Let y be q(6). List the prime factors of y/(-3)*(-12)/10.
2, 7
Suppose -5*p - 25 = -10*p. What are the prime factors of p?
5
Let y be 0/((1 - 5)/2). Suppose 3*k + 48 = 4*s - y*s, -s + 7 = -2*k. What are the prime factors of s?
3, 5
Let l(i) = -i + 1. Let z = 2 - 3. Let g be l(z). Suppose 2*x - 20 = -g*a, 6 - 53 = -5*x - 2*a. List the prime factors of x.
3
Suppose -11*v - 44 + 1408 = 0. What are the prime factors of v?
2, 31
Let a = -18 + 15. Let t(k) = 3*k**2 - 4*k - 4. List the prime factors of t(a).
5, 7
Suppose 5*f + 2*k - 426 = 0, 0 = -f + 2*f - 3*k - 92. Suppose 0 = -4*q - 5*c + f, 2*c = -2*q + 4*c + 52. List the prime factors of q.
2, 3
Let y(n) be the first derivative of -n**4/4 + 7*n**3/3 - 7*n**2/2 + 6*n - 1. Let z be y(6). Suppose z*k - 15 = -5*k. What are the prime factors of k?
3
Let w(a) = -6*a - 2*a - 15 + 5. Let u be w(-9). Suppose 5*z - u = -17. What are the prime factors of z?
3
Let d = 9 + -5. Let f(c) = -c - 7. Let m(t) = -2*t - 13. Let n(a) = 11*f(a) - 6*m(a). What are the prime factors of n(d)?
5
Let u(h) = -h**2 + 5*h - 5. Let k be u(4). Let q = 3 - k. Suppose 35 = w + q*w. List the prime factors of w.
7
Suppose -v = -5*r - 20, r + 30 = -4*r + 3*v. List the prime factors of 13/r*-3*2.
2, 13
Let b(a) = 2 - 2*a + 5*a - 3. Let h be b(1). Suppose 0 = u - 5*t + 12 + 10, t = u + h. What are the prime factors of u?
3
Let t(y) = -y - 10. Let o be t(-5). Let w be (-2)/(-5) - 188/o. Suppose 0 = 4*r - r - 2*c - 36, -5*r = 4*c - w. List the prime factors of r.
2, 5
Suppose -2*o = -6, -4 = 2*c + 5*o - 23. Suppose -c*u = -3 - 3. What are the prime factors of u?
3
Let z = -29 + 79. List the prime factors of z.
2, 5
Suppose -p + 177 = l, -5*p + 885 = -l + 3*l. Let q = p - 252. List the prime factors of q/10*4/(-5).
2, 3
Let x(b) = -5*b - 12. Let i be x(-9). Suppose n - i = 46. Suppose -7 = 4*v - n. What are the prime factors of v?
2, 3
Let k(j) = 6*j - 13. List the prime factors of k(10).
47
Suppose 5*r = -2*g + 10, 3*g + 0*r + 2*r - 15 = 0. Suppose 308 = g*x - x. Suppose -2*i + 49 = 4*k - i, -5*k + x = -4*i. What are the prime factors of k?
13
Suppose -50 = -h - 5*n, h - 2*n = 8 + 7. What are the prime factors of h?
5
Suppose -2*o + 1 = -3*u - 1, 2*o + u = 10. Suppose -59 = -5*k - b, 3*b + 45 = o*k + 6*b. List the prime factors of k.
2, 3
Suppose -273 = 7*d - 0*d. Let w = d - -81. List the prime factors of w.
2, 3, 7
Let f(x) = 2*x**3 + 43*x**2 + 16*x - 2. List the prime factors of f(-21).
103
Suppose w - 2*f = 4*w - 25, 4*w + 3*f - 35 = 0. List the prime factors of w.
5
Let n = -35 - -19. Let g = n - -48. What are the prime factors of g?
2
Let a(v) = v**2 - 20*v + 46. List the prime factors of a(24).
2, 71
Suppose -4*v = r - 5*r - 620, 3 = r. List the prime factors of v.
2, 79
Let r = 10 - 14. Let w = 25 - r. List the prime factors of w.
29
Suppose 0 = 3*t - 3*a - 2*a - 304, 5*t = -5*a + 560. List the prime factors of t.
2, 3
Let y be (-3)/3 + 36 + 3. Suppose -2*x + y = 3*w, 10 + 16 = 2*w + x. What are the prime factors of w?
2, 7
Suppose -329 = -3*g + 2*k, 3*k = 2*k - 4. Suppose 2*o + 2*a - 66 = 0, 0*o = 3*o - a - g. Suppose 5*p = 10 + o. What are the prime factors of p?
3
Suppose -5*p =